 3*f - 5 - 4*f - i*f + f**2 + 3. Determine w(4).
-6
Let h(l) = -5*l**3 + l**2 - l - 4. Let f(p) = 4*p**3 - p**2 + 2*p + 2. Let z(b) = -4*f(b) - 3*h(b). Determine z(3).
-29
Let x(u) = -u**2 - 4*u. Let z be (-6)/10*(-15)/(-3). Calculate x(z).
3
Let h(l) = -l + 6. Let q(g) = -g**2 + 12*g + 20. Let b be q(14). Let w(p) = -p**3 - 7*p**2 + 8*p + 5. Let o be w(b). Determine h(o).
1
Let f(w) = -w**3 + 9*w**2 + 3*w - 7. Let h be f(9). Let l = h + -18. Let g(q) = 2*q - 3. Calculate g(l).
1
Let b(h) = -h**2. Let t(z) = 3*z**2 - 7*z + 5. Let m(i) = 2*b(i) + t(i). Suppose 0 = p + d - 11 + 2, 2*p - 2*d + 2 = 0. What is m(p)?
-7
Let j(o) be the first derivative of o**4/4 - 8*o**3/3 + 3*o + 3. Let a be j(8). Let y(t) = -t**2 + 2*t - 3. What is y(a)?
-6
Let d(o) = 2*o**2 + o - 26. Let v be d(4). Let x(c) = c**3 - 9*c**2 - 11*c + 10. Give x(v).
0
Let a = -110 + 107. Let q(l) = -l**3 - l**2 - 1. Let v(n) = -6*n**3 - 8*n**2 - 3*n - 7. Let d(s) = -5*q(s) + v(s). Calculate d(a).
7
Let t(f) = -f**3 + 4*f**2 - 2*f + 1. Suppose -2*u + 9 = u + 2*g, 9 = 3*u - 4*g. Let j(m) = m**3 - 4*m**2 + 4*m. Let k be j(u). Calculate t(k).
4
Let x(r) be the second derivative of r**5/20 + r**4/3 - 2*r**2 + r - 14. Determine x(-3).
5
Let t(u) = u**2 - 3. Let m be -2 + (6/2 - -3). Suppose -m = 4*w - 3*w. Determine t(w).
13
Let c(j) = -j + 8. Let t be c(5). Let w(k) = -k - 1. Calculate w(t).
-4
Let z = -9 - -3. Let a be (21/14)/(z/8). Let m(s) = -s**2 - 4*s - 3. What is m(a)?
1
Suppose 3*d - 28 = 3*f + f, 2*f = -8. Let a = 9 - d. Let m(u) = -6*u + 7. Let i(h) = 5*h - 6. Let c(l) = a*i(l) + 4*m(l). Give c(-2).
-4
Let r(p) = -p**3 - 6*p**2 + 6*p + 1. Let s be r(-7). Suppose 0 = -3*x - s - 1. Let f = x + 8. Let o(k) = k**2 - 5*k + 2. Calculate o(f).
2
Let s(l) = l - 4. Let m(v) = -5*v**3 + v**2 - v - 2. Let y be m(-1). Determine s(y).
1
Let q(p) be the first derivative of -p**4/2 + 4*p**3/3 - 2*p**2 + 2*p + 61. Determine q(2).
-6
Let n(i) be the second derivative of -i**5/20 - i**4/6 + i**3/6 + 5*i + 1. What is n(1)?
-2
Let v(x) = x + 1. Let p(q) = -5*q + 13. Let r(d) = -p(d) - 4*v(d). Give r(7).
-10
Let x(p) = 4*p**2 + 3*p + 4. Let j(i) = -10*i**2 - 7*i - 9. Let l(y) = -3*j(y) - 7*x(y). Calculate l(1).
1
Let h(x) = -x + 5. Suppose 4*f = n + 28, -2*f + n = 4*n. Suppose -20 = -4*w + 4*k, k = w - k - f. Determine h(w).
1
Let l(p) = -10*p - 3. Let c(j) = -2*j. Let v(z) = -4*c(z) + l(z). Give v(-4).
5
Let l(o) be the second derivative of o**8/6720 + o**7/420 + o**6/120 + o**5/60 + o**4/4 - 2*o. Let z(g) be the third derivative of l(g). Calculate z(-4).
10
Let h(f) = 2*f**3 - f**2 - 1. Let c be (6/(-9))/(4/6) + 3. Determine h(c).
11
Let k(f) = f + 0 + 2 - 16*f**2 + 20*f**2 - 3. What is k(1)?
4
Let m(i) = -11*i**2 - 3*i + 37. Let z(x) = -5*x**2 - 2*x + 18. Let f(r) = -6*m(r) + 13*z(r). What is f(8)?
12
Let r(s) = -s**2 - 2*s + 3. Let o = 132 + -130. Determine r(o).
-5
Let s(u) = -u**2 + 5*u + 4. Let j(r) = -r**3 + 6*r**2 - 3*r - 3. Let z be j(5). Determine s(z).
-10
Let y(h) = h**2 - 4. Let d(c) = -4*c**2 - c + 17. Let n(z) = -2*d(z) - 9*y(z). Suppose 0 = a - j - 4, 6*j + 11 = 4*a + 7*j. What is n(a)?
-1
Suppose -5*s + 61 = -2*p, 0 = 2*p - 0 - 4. Suppose 5*i + 7 = -s. Let c(v) = -v**3 - 3*v**2 + 5*v - 1. Calculate c(i).
-5
Let z(x) be the second derivative of -x**5/20 + 5*x**4/12 - x**3/2 - x**2/2 - 38*x. Calculate z(3).
8
Let n(r) = 3*r**3 + 8*r + 0*r**3 - 5*r**2 - 4*r**3 + 4 - 2*r. Give n(-6).
4
Suppose -2*k + 12 = k. Let u(g) = 2*g**2 - g**3 + g**2 + 1 + 168*g - 163*g. What is u(k)?
5
Suppose -2*g + 4 + 8 = 0. Let p(h) = 21*h**3 - 5*h - 5*h**2 + 17*h**3 - 8 - 37*h**3. What is p(g)?
-2
Suppose 2*m = 2*w - 10, 0*w - 2*m - 1 = w. Suppose -2 = w*t + 2*f - 3*f, 4 = -4*f. Let u(d) = 5*d - d**2 - 4*d + 1 - 4*d**2 + 2*d**2. Determine u(t).
-3
Let f(p) = p**2 - 5*p + 4. Suppose 0 = 13*b - 8*b - 25. Determine f(b).
4
Let r(h) = h**2 + 3*h - 9. Let d be r(-4). Let a(y) = y**3 + 6*y**2 + 6*y + 7. Give a(d).
2
Suppose 5*y = 4*y. Let c(g) be the third derivative of g**5/60 - g**4/24 - 5*g**3/6 + 4*g**2. Calculate c(y).
-5
Let v(z) = z + 3*z - 2 + 1. Let y = -19 + 19. Suppose 5 = 3*x + 4*r, x = -r - y*r + 2. What is v(x)?
11
Let b(f) = f**3 - 5*f**2 - f - 3. Let w(j) be the third derivative of j**2 + 1/6*j**3 + 0 - 1/24*j**4 + 0*j + 1/12*j**5. Let k be w(1). Give b(k).
-8
Let c(o) = o**2 + o - 1. Let x(v) = 6*v**2 - v. Let r be ((-1)/4)/((-1)/(-4)). Let i(j) = r*x(j) + 3*c(j). What is i(2)?
-7
Let c be -1*1*(3 - 3). Let p(j) = 5 + 13*j**2 - 14*j**2 - 1. What is p(c)?
4
Let g(p) = 2*p - 10. Let o be g(4). Let j(m) = m**3 + 4*m**2 + m. Calculate j(o).
6
Let x(o) = 3*o**3 - 4*o**3 - 5*o**2 - 7 - 2*o + 1. Let m be x(-5). Let b(f) = -1 + 4 - f**2 + 1 - m*f. What is b(-3)?
7
Let l be -2 + 1 - (1 + -1). Let t(x) = -3 - 2*x - 4*x + 4*x. Let y(g) = -g - 4. Let f(j) = 3*t(j) - 2*y(j). Determine f(l).
3
Let f(y) be the third derivative of 0*y + 0 - 1/12*y**5 - 1/120*y**6 + 7/24*y**4 + 1/2*y**3 + 5*y**2. Let w be -6*(1 - (0 - 0)). What is f(w)?
-3
Let j(b) = -b**3 + 4*b**2 - 4*b + 2. Let c be j(2). Let g(a) = -9 - 8 + 23 - c*a. Give g(4).
-2
Let v = 29 + -35. Let i(d) = -d**3 - 7*d**2 - 4*d + 8. Give i(v).
-4
Suppose -6*t = -3*t. Let p(k) be the first derivative of -k**2/2 - 14*k - 30. Calculate p(t).
-14
Let g(z) = -z**3 + z. Suppose -4*o = -2*n - 54, 5*o + 1 = -4*n + 49. Suppose 4*a + 4*h = -o, 7*a - 3*a - 5*h - 33 = 0. What is g(a)?
-6
Let p(r) be the second derivative of r**3/3 - 5*r**2/2 - 9*r. Give p(4).
3
Let z(s) = 3. Let u = 0 + -3. Let b(c) = 2 + 4*c**2 + 6 - 3*c**2. Let o(v) = u*b(v) + 8*z(v). What is o(1)?
-3
Let d(l) = 2*l**2 - 3*l + 1. Let o be 2*(-3)/(-3)*1. Let h be d(o). Let y(f) = -f + f**3 - f + 6*f - 4*f**2 - 2. Calculate y(h).
1
Let g(w) = -w**3 + 2*w. Let c(v) = -5*v**2 + 6*v**2 - 2*v**2 + 11 + 8*v. Let q be c(9). What is g(q)?
-4
Let j = -3 + 4. Let r be 3*(j + -2) + 7. Let u(w) = 8*w - r + 3 - 4 + 4. Calculate u(1).
7
Let o(f) be the first derivative of 3 + 3*f + 1/20*f**5 + 1/3*f**3 + 5/12*f**4 - 3/2*f**2. Let a(w) be the first derivative of o(w). Calculate a(-4).
5
Let i(h) = h**2 - 3*h - 7. Suppose -t + j - 11 = -2*t, t = -3*j + 21. Calculate i(t).
11
Suppose -5*s - 4*p + 42 - 2 = 0, -5*s = -p - 65. Let v(x) = 7*x + 6*x - s*x - 2. Give v(6).
4
Let s(t) = -11*t. Suppose 2*y + 2*o = 12 + 6, 2*o + 4 = 0. Suppose m - 3 = 0, 0 = -z - 3*m - m + y. Determine s(z).
11
Let v = -2 - -7. Suppose -2*r - v*b - 16 = 7, -5*r + 5*b - 5 = 0. Let k(t) = -t**3 - 3*t**2 + t - 1. Determine k(r).
11
Let x(o) = -1. Let c(j) = -5. Let p(k) = -2*c(k) + 11*x(k). Let f(w) = 2*w - 4. Let y(u) = -3*f(u) + 12*p(u). Let m be (-4)/(0 + -1*2). Calculate y(m).
-12
Let b(p) = -2*p - 9. Let j be b(-5). Suppose s - 2 + j = 0. Let v(n) = 6*n. Calculate v(s).
6
Suppose 0 = 4*x - 2*d + 6, -12 = 3*x - 4*d - 0*d. Let v(b) = b**2 - b. What is v(x)?
0
Let f(c) be the second derivative of -4*c - 1/6*c**3 - 1/2*c**2 + 0. What is f(-2)?
1
Suppose 16 - 4 = 2*y. Let g(f) = f - 14. Give g(y).
-8
Let m(s) = 85*s**2 - 80*s**2 + 0*s**3 + 5*s + s**3 + 1. What is m(-4)?
-3
Let f(x) be the first derivative of x**2/2 - x + 41. Calculate f(0).
-1
Let l(j) = -8 - 5*j - 7 + 2 + 15. Determine l(2).
-8
Let x(l) be the first derivative of 2*l**3 + l**2/2 + 18. Calculate x(-1).
5
Let f be (-8)/6*(-6)/4*2. Let m(t) = 3*t**3 - 20*t**2 + 11*t + 5. Let x(z) = -z**3 + 7*z**2 - 4*z - 2. Let p(l) = -3*m(l) - 8*x(l). Calculate p(f).
-3
Suppose -5*a + 13 = 3. Let b be a/5 - 52/(-20). Suppose 0 = 3*o - 0*w - 3*w + 3, 0 = -b*w - 9. Let y(j) = j**3 + 6*j**2 + 7*j + 4. Give y(o).
8
Let j(a) = a**3 + 2*a**2 - 4*a - 2. Let v be j(-3). Let k(y) = -153*y**2 + 158*y**2 + 3 + 1 - 2*y - 3. Give k(v).
4
Let f(c) = c**2 + 4*c + 6. Let k(i) = i**2 - 6*i - 5. Let z be k(6). Determine f(z).
11
Let z(c) = c**3 + 5*c**2 - 1. Let q be z(-5). Let d(i) = -2*i - 3. Let y(j) be the second derivative of j**3/6 - 4*j. Let k(h) = q*d(h) - y(h). Give k(-3).
0
Let k(t) = 4 - 3*t**2 + 0 - t**2 - 4*t + 3*t**2. What is k(-5)?
-1
Let v(i) = -i**3 - 3*i**2 - 2*i - 20. Let h be v(-4). Let f(m) = -2*m - 3. Give f(h).
-11
Let c(q) = -q - 3*q + 3 - 1. Let w(z) = -3*z + 3. Let g(y) = 2*c(y) - 3*w(y). What is g(4)?
-1
Let x be 2/6*2*6. Suppose x*a + a - 5 = 0. Let n(w) be the second derivative of 3